 3. Let y(f) = f + 2. Calculate y(g).
2
Let g(a) = -9*a. Let b = 68 - 67. Calculate g(b).
-9
Let t(h) = 2*h**2 - 4*h + 3. Suppose -3*n - 11 + 0 = 2*y, -4*y + 18 = -2*n. Calculate t(y).
3
Let q(x) = -x**2 - 3 + 3 + 1 + 4*x. Let l be (-2)/(-5 + (-6)/((-60)/46)). Give q(l).
-4
Let g(v) = -v - 1. Suppose 12 = -a - 2*a. Let c be a - -2 - (0 + 10). Let i = c + 6. What is g(i)?
5
Let l(a) = 2*a - a + 0 + 7 + 5. What is l(-6)?
6
Let c(s) be the third derivative of -s**4/24 + s**3/6 + 2*s**2. What is c(2)?
-1
Let h = 74 + -81. Let s(j) = j**3 + 7*j**2 - j + 2. Calculate s(h).
9
Let q(n) = -n**3 - 2*n**2 + 2*n. Let t be q(-3). Let j(w) = -2*w + 0*w - 6 + t*w. Let m be j(8). Let z(u) = 2*u - 1. What is z(m)?
3
Let h = -5 + 19. Suppose -4*n + 3*c = -2*c + 10, -h = 4*n - 3*c. Let y(t) = 2*t + 4. Calculate y(n).
-6
Let o(t) = t**2 - 11*t + 4. Suppose -15*u + 30 = 2*h - 13*u, 0 = 4*h + 3*u - 56. What is o(h)?
4
Suppose -4*s - 5*f - 13 = 0, 0*s - 5*f = -s + 28. Let v(m) = -2*m**2 + 2*m + 2. Determine v(s).
-10
Let y(k) = k - 2. Let o = 24 + -10. Let a = -10 + o. Suppose 5*p = a*p + 5. Calculate y(p).
3
Suppose -4*r = p + 4*p - 3, 0 = 4*p - 5*r + 14. Let z(v) be the third derivative of v**6/30 - v**4/24 - v**3/6 + v**2. Determine z(p).
-4
Let s(z) = -z**2 - 4*z - 4. Let t be (2/3)/(6/(-45)). Determine s(t).
-9
Let c(w) = 2*w + 3. Suppose 2*o + i + 5 = 0, 0 = 3*i + i + 4. Calculate c(o).
-1
Let w(d) = d - 1. Let a(v) = v + 1. Let c(h) = -2*a(h) + w(h). Give c(5).
-8
Let n(a) = 3*a**2 + 2*a - 1. Let j(h) = -7*h**2 - 3*h + 3. Let w(m) = 2*j(m) + 5*n(m). Let k = 313 + -318. Determine w(k).
6
Let x(z) = 2*z - 4. Let l(c) be the third derivative of -c**4/24 + c**3/6 - 2*c**2. Let q(h) = -6*l(h) - 2*x(h). Calculate q(-2).
-2
Let g(j) = -7*j**3 - 4*j**2 + 5*j - 1. Let l(t) = 20*t**3 + 12*t**2 - 15*t + 2. Let s(y) = -17*g(y) - 6*l(y). Calculate s(-5).
5
Let r be -2 + 10/(1 + 1). Let z(m) = 2 - r - 2 + 2*m + 0. What is z(2)?
1
Suppose 4*f = 3*r - r + 18, -4*r = -3*f + 11. Let g(m) = 0 + r - 2 + 9*m. Let b(p) = -p - 1. Let y be b(-2). What is g(y)?
8
Suppose s + 2 + 28 = -5*u, 4*s + 25 = -u. Let m(a) = -a**2 - 12. Let f(z) = -2*z**2 - z - 23. Let k(w) = -6*f(w) + 11*m(w). Give k(u).
1
Let s = 4 - 3. Let z = 2 + s. Let o be -2 + 1 + z/1. Let a(x) = -x. Determine a(o).
-2
Let f(x) = 10*x - 1. Let l be 2 - 8/((-8)/(-15)). Let a(w) = -w - 14. Let q be a(l). What is f(q)?
-11
Let q(y) = -3*y**2 - 3*y - 5. Let m(v) = -5*v**2 - 5*v - 8. Let d(n) = -5*m(n) + 8*q(n). Calculate d(0).
0
Let g = -22 + 20. Let j(o) = -2*o**2 - 3*o - 2. Give j(g).
-4
Suppose h + 3*h + 15 = x, -5*h - 3*x - 6 = 0. Let p(a) = 2*a**3 - 6*a**2 + 2*a - 3. Let i(k) = k**3 - k**2 + k. Let o(m) = -3*i(m) + p(m). Determine o(h).
0
Let h(o) = 39*o + 106 - 40*o - 106. Determine h(6).
-6
Let p be (0 + 1 + -1)*1. Let w(x) be the third derivative of x**6/120 + x**5/60 + x**4/24 - 5*x**3/3 - 23*x**2. Calculate w(p).
-10
Let q(d) be the first derivative of -d**4/4 + 5*d**3/3 + 5*d**2/2 - d - 16. Calculate q(6).
-7
Let n be 3/(3*-2)*0. Suppose 4*a - 5*h = -4 + 11, 4 = a + h. Let d(o) = o**2 + 4 - 7 - a. Give d(n).
-6
Let p be (-2 - -4) + 0 + 1. Let i(b) be the third derivative of b**5/60 - b**4/12 - b**3/3 + 2*b**2. Calculate i(p).
1
Suppose 3*o - 9 + 3 = 0. Let i(n) = -4*n**3 + 1 + 4*n**3 + 6*n**3 - n - 3*n**o - 5*n**3. What is i(2)?
-5
Let d be (7 + 1)*(-1)/(-2). Let g = 0 - d. Let v(z) = -2 - 3 - 1 + 2*z + 5. Determine v(g).
-9
Let u(a) = -1 - 2*a - 2*a**2 - 3 - a**3 - a - 2*a**2. Give u(-3).
-4
Let w(k) = 1 - 1 - 2*k - k - 15. Let s(u) = u + 4. Let c(x) = 9*s(x) + 2*w(x). What is c(-4)?
-6
Let l(s) = -s**2 + 3*s - 4. Suppose -6*u - f + 11 = -2*u, 3*f - 5 = -5*u. Determine l(u).
-8
Let u(n) = n - 1. Let o(w) = -w**2 + 3*w - 3. Let a be o(2). Let x(t) = -2*t**3 - t**2 + 1. Let f be x(a). Determine u(f).
1
Let m(f) = -f. Let l(c) = -c**2 + 2*c + 4. Let n be l(3). Give m(n).
-1
Let d(g) = 1 + 3*g**2 + 2*g**2 - 5*g + 4*g - 3*g**2 + g**3 - g**2. Suppose -5*h = 4*t + 30, 0 = 2*t - 5*t - 15. Determine d(h).
-1
Let b(i) = -3*i**3 + 6*i**2 - 5*i + 7. Let c(o) = 3*o - 4 + 4 - 5 - 3*o**2 + 2*o**3 + 1. Let x(n) = 4*b(n) + 7*c(n). Determine x(-2).
-6
Suppose 10*p - 80 = 5*p. Suppose -p = 5*u - 46. Let a(i) = -u + 2 + 3 - i + i**3. Determine a(0).
-1
Let v(d) = d**2 - 3*d**3 - 3*d**2 - 5 + 4*d**3 - 5*d**2. Let y be v(7). Let b = -5 - y. Let c(l) = l**2 + 4. Give c(b).
4
Let m(a) be the first derivative of -a**4/4 + 2*a**3/3 + 3*a**2 - a + 1. What is m(4)?
-9
Let n(j) = 26*j**2 - 2*j + 1. Let i be n(1). Suppose 5*l - i = 0, -3*v + 9 = -v + l. Let q(d) = -d**2 + 6*d - 3. Give q(v).
5
Let z = 8 - 1. Let y(q) = -q**3 + 8*q**2 - 8*q + 6. Determine y(z).
-1
Let l(u) be the first derivative of -u**3 - 3*u + 6. Let m(k) be the first derivative of l(k). Suppose 4*a = -a + 3*s - 14, -17 = 2*a - 5*s. Give m(a).
6
Let j(y) = -2*y - 4 - 4*y + 5*y. Let q be (-4)/((-6)/(-3)) - (-2 + 0). Determine j(q).
-4
Let o(l) be the third derivative of -l**4/24 - 2*l**3 - 28*l**2. Determine o(-6).
-6
Suppose -9*a + 4*a + 10 = 0. Let q = a + 3. Let p(z) = 3*z + 0*z**3 - z**3 - 4*z**2 - 5*z + 5*z - q. Give p(-5).
5
Let p(a) = a**2 + a. Let y = 4 - -1. Suppose 22 = -4*z - d, 0*d - 4 = 2*d. Let t = z + y. What is p(t)?
0
Suppose j - 5*x = 24, -5*x = 2*j + 16 - 4. Let b(o) = j - 8*o - o**2 + 17*o - 9. Give b(8).
3
Let r(u) = u + 2. Let s be r(-4). Let a(n) = -n**3 - n**2 + n - 1. What is a(s)?
1
Let j be 37/4 + 1/(-4). Let o(r) = -3 + 6*r + j + r**2 + 3. Determine o(-6).
9
Suppose 4*w - 8*w = -16, -3*w + 12 = 5*b. Let h(y) = b + 0 - 1 - 2*y + y. Determine h(3).
-4
Let g(u) be the first derivative of -u**2/2 - 3*u - 30. Determine g(-5).
2
Let d = -6 - -12. Let z(g) = 2*g - 6. Let j(i) = 2. Let b(h) = j(h) + z(h). Determine b(d).
8
Let o(n) = -n**2 + 4*n. Let a = 14 + -12. Let x be (-4)/1*(-3 + a). Determine o(x).
0
Let g(o) = -o - 10. Suppose 0 = -6*x - 0*x - 42. Calculate g(x).
-3
Let h(d) = 4*d - 2*d + 5 + d**2 - 4*d + 7*d. Suppose -5*w - s = 2 + 20, 12 = -5*w + 4*s. Calculate h(w).
1
Let t be 28/6 + 2/6. Let b(c) be the first derivative of -5*c + 1/2*c**2 + 3. Give b(t).
0
Let y(u) = -4*u**2 - u + 4. Let a(f) = -3*f**2 - f + 3. Let w(l) = 5*a(l) - 4*y(l). Calculate w(3).
5
Let w(j) = -j**3 - 3*j**2 + j - 9. Let l be w(-4). Let t(o) = -9 + l*o - 6*o + 6. Calculate t(-4).
9
Suppose 0 = -d + 5*f - 3, -2*f - 31 = 4*d - 3*f. Let b(r) = 7*r**2 + 14*r**3 - 33*r**3 + 9*r**3 - 8*r + 11*r**3. Determine b(d).
0
Let f be ((-6)/(-2))/((-4)/4). Let u = f + 0. Let b(j) = -j**2 - 3*j + 4. Determine b(u).
4
Let a(u) = -2*u**3 + 12*u**2 - 3*u - 1. Let t(b) = b**3 - 2*b**2 + b - 1. Let i(p) = -a(p) - 3*t(p). Give i(-6).
4
Suppose 4*n = 5*w - 25, 2*n - 5*w + 25 = 4*n. Suppose 0 = -3*x + x + 4. Let d(p) = p**x - 3*p**3 + p + p**3 + 0*p**3 - 10 + p**3. Determine d(n).
-10
Let g(i) = -3*i. Suppose 2*a + 19 = -5*c + 3, -5*a + 6 = c. Determine g(a).
-6
Let a be -1 + 1 + (-1 - -3). Let r(b) = -2 - b**a - 4 + b**3 + 1. Suppose -4*g + 4*i = 8, 7*i - 6*i = 3*g + 2. Determine r(g).
-5
Let l(m) be the first derivative of m**3/3 - 4*m**2 + 5*m - 1. Determine l(6).
-7
Let s(a) = -a**2 - 1. Let m(l) = -2*l - 3. Let c be m(-3). Suppose 4*y + 2*z + 2*z = 4, 0 = 3*y + 4*z - c. Give s(y).
-2
Suppose 0*r - 13 = -2*r + 3*h, -2*h = -5*r + 27. Let j(t) = t**3 - 6*t**2 + 5*t - 2. Give j(r).
-2
Let n(b) be the second derivative of -b**3/6 + b. Let f(r) = r**2 + 4*r. Let h(w) = -w. Let x(j) = -f(j) + 6*h(j). Let p be x(-10). What is n(p)?
0
Let k(v) = -4*v**2 + 2*v - 3. Let t(u) = 7*u**2 - 5*u + 6. Let m(d) = 5*k(d) + 3*t(d). What is m(5)?
3
Let d(p) be the first derivative of p**4/4 - 7*p**3/3 + 7*p**2/2 - 6*p - 2. Let z be d(6). Let g(b) = z - 3 - b - 2 + 3 + b**2. What is g(0)?
-2
Let f(m) = 5*m. Suppose 0 = 3*v + 2*v + 5. What is f(v)?
-5
Let z(n) = 2*n + 6. Let q be 4 - 2 - 2 - 6. Give z(q).
-6
Suppose 2*c + 9 = 4*q - 7, 3*q + 3*c - 3 = 0. Suppose 0*f - 9 = -q*f. Let u(o) = o**3 - 5*o**2 + 4*o - 3. Give u(f).
-9
Let y(l) be the second derivative of l**3/2 + 3*l**2/2 + 6*l. What is y(-4)?
-9
Let o(n) = n - 14. Let f = 9 - -6. Let i be (-1)/(f/(-7) + 2). What is o(i)?
-7
Let u(h) = -h**2 + 2*h. Let r(g) = g**3 - 4*g**2 - 3*g + 14. Let p be r(4). What is u(p)?
0
Let n(f) = -f + 3. Suppose 0 = z +